me factors of t?
2, 3, 89
Suppose 22*a + 516 = 26*a. Suppose 0 = -4*h + 5*d + a, -162 = -5*h - 4*d - 52. What are the prime factors of h?
2, 13
Let z(y) = y**3 + 6*y**2 + 3*y - 10. Let k be z(-5). Let i = 13 + -8. Suppose i*s + 10 = k, 50 = o + o + 4*s. What are the prime factors of o?
29
Suppose 4*i + 2*k - 310 = 0, -2*i + 145 = 4*k - 5*k. List the prime factors of i.
3, 5
Suppose -9 = -5*d + 11. Suppose h = -2*x + 81, 0 = -x + d*x - 5*h - 128. List the prime factors of x.
41
Let r(y) = 4*y**2 - 5*y - 6. Let w be r(7). Suppose -5*l + w = -40. What are the prime factors of l?
3, 13
Let t be (-44)/(-20) - (-2 + (-11)/(-5)). Suppose 0 = -u - 2*u + 5*b - 9, -6 = -t*b. List the prime factors of u.
2
Suppose 495 = 6*m - 141. What are the prime factors of m?
2, 53
Let m be -2*6/((-24)/794). Let c = m + -159. List the prime factors of c.
2, 7, 17
Let f be (-1)/(-3) - 55/(-15). Let d(b) = 4*b**2 - 5*b + 6. Let o be d(f). List the prime factors of (0 + o)/(6 - 4).
5
Let i(v) = -v + 5. Let a be i(-17). List the prime factors of 178 + a/(-6) + 4/(-12).
2, 3, 29
List the prime factors of 13470/18 + (-1)/3.
2, 11, 17
Let r(f) = f**2 + f. Let s be r(0). Suppose s = 3*q - 8*q + 15. Suppose 0 = q*v - 12 - 69. What are the prime factors of v?
3
Suppose -2366 = -5*j - 4*n + 7*n, -5*n + 1440 = 3*j. What are the prime factors of j?
5, 19
Suppose -2*f + 5*k = 145, -5*f - k - 47 = 329. Let y = f + 172. List the prime factors of y.
97
Suppose 2*a - 3*a = -5. Suppose 4*j = 25 - a. Let p = -1 + j. List the prime factors of p.
2
Let w = 967 + 1081. What are the prime factors of w?
2
Let s = 1981 + -662. What are the prime factors of s?
1319
Suppose 5884 = 4*h + 4*u, 95*h + 5*u = 93*h + 2933. What are the prime factors of h?
2, 11, 67
Let t = -36 - -18. Let s(n) = -n**3 - 17*n**2 + 17*n - 9. List the prime factors of s(t).
3
Suppose u - 4*f = 1415, 0 = -14*u + 11*u + 3*f + 4263. What are the prime factors of u?
1423
Suppose 11*g - 16*g = -25. What are the prime factors of (-536)/(-40) + (-2)/g?
13
Suppose 76 = 5*i - 244. Let d = 144 - i. What are the prime factors of d?
2, 5
Let d = 80 - -16. What are the prime factors of d?
2, 3
Let i = -130 + 136. Let o = 5 + -17. List the prime factors of o/(-15)*15/i.
2
Suppose 0 = -w - 3, w - 2 = -4*s - 5. Suppose s = 2*x, -2*i + 267 + 55 = -3*x. List the prime factors of i.
7, 23
Let f(x) = -x**2 - 5*x - 1. Let h be f(-3). Let l be 24/14*35/10. Suppose -4*q - 2*v + 168 = 0, -h*q + v = l*v - 220. List the prime factors of q.
2, 5
List the prime factors of (-137011)/(-111) + (-12)/9.
3, 137
Let c be (-26 + 16)/(4/(-86)). Suppose -t - 27 = -k + 27, c = 4*k - 5*t. What are the prime factors of k?
5, 11
Let v(y) = -9*y**3 + 4*y**2 + y + 4. Suppose -4*l + 7*l = -9. Let o be v(l). Suppose 0 = 2*p - 4*p - d + 137, 4*p = 4*d + o. List the prime factors of p.
3, 23
Suppose -3*k + 2*k + 36 = -u, 139 = -4*u + 3*k. Let l = -29 - u. What are the prime factors of l?
2
Suppose 3*c = 3*b - b + 1671, -5*b + 1095 = 2*c. Suppose -21*m + 26*m = c. What are the prime factors of m?
3, 37
Let f = 3138 - 2221. What are the prime factors of f?
7, 131
Suppose 0 = -4*z - 2*s + 32, 3*z - 4*s = -0*z + 24. Suppose -13*w = -15*w + z. Suppose 3*q + w*u = 70, -q + u = -4*u - 17. What are the prime factors of q?
2, 11
Suppose -34*w + 35844 = -6452. What are the prime factors of w?
2, 311
Let h = 678 + -331. List the prime factors of h.
347
Suppose 11670 = 4*x - 3*z, 4*x - 5*x + 2925 = 3*z. What are the prime factors of x?
3, 7, 139
Suppose 0 = -10*b + 14*b + 4*v - 2360, -v - 1180 = -2*b. List the prime factors of b.
2, 5, 59
Let b(j) be the first derivative of 8*j**3/3 + j**2 + j + 1. List the prime factors of b(-3).
67
Let g be (-8)/(-5) - 18/(-45). Suppose -5*q = -g*q - 153. Let k = 84 - q. List the prime factors of k.
3, 11
Let n(o) = o**2 + 10*o + 2. Let c be n(-10). Let x be (c + -2)*2/2. Suppose x = -5*h + 33 + 152. What are the prime factors of h?
37
Let b(l) = 2*l**2 + l. Let t be b(1). Suppose -t*m + 65 = -55. List the prime factors of m.
2, 5
Let h(a) = -a**3 - 24*a**2 + 21*a - 53. Let t(g) = g - 1. Let m(l) = -h(l) - 6*t(l). What are the prime factors of m(-25)?
109
Let x = 24 + -20. Suppose -2*a + 69 = 2*j + 3*a, -x*a = -3*j + 161. Let q = j + -28. What are the prime factors of q?
19
Let u(r) = 248*r**3 - 3*r**2 + r + 1. Let s be u(1). Let f = -169 + s. What are the prime factors of f?
2, 3, 13
Let t(s) = -315*s**3 + s**2 + 3*s + 2. Let g be t(-1). Let i = g - 182. What are the prime factors of i?
7, 19
Let p be (-192)/(-2) + (6 - -3 - 7). Let u = 172 - p. What are the prime factors of u?
2, 37
What are the prime factors of (594/216)/((1/8)/1)?
2, 11
Suppose -4 = f + 10. Let l = -1 - -36. Let n = f + l. What are the prime factors of n?
3, 7
Suppose -4649 = -3*p - 4*b + 173, -p = -5*b - 1601. List the prime factors of p.
2, 11, 73
Let t(k) = 101*k + 11. Let o(f) = 34*f + 4. Let w(m) = 11*o(m) - 4*t(m). What are the prime factors of w(-2)?
2, 3, 5
Suppose 5 = -4*z - k, 3*z - 4*k = -5*k - 5. Suppose 10*q - 2030 = -z*q. List the prime factors of q.
7, 29
Suppose -579 = -5*z - a - 11, z + 3*a - 122 = 0. Suppose 2*q - 4 + 2 = 0, 2*v - z = -q. What are the prime factors of v?
2, 7
Let u = -144 - -595. List the prime factors of u.
11, 41
Let b(i) = -i**3 - 5*i**2 + 40*i + 2. What are the prime factors of b(4)?
2, 3
Let u(s) = 2*s**3 - s**2 - s + 753. List the prime factors of u(0).
3, 251
Suppose 0 = -2*k - k. Let r be k - 5/(5/(-101)). Let z = -22 + r. List the prime factors of z.
79
Let y be (-12)/(-12) + 2/1. Let t be 329/3 - 4/6. Suppose -34 = y*i - t. What are the prime factors of i?
5
Suppose -1636 = -13*q + 7360. List the prime factors of q.
2, 173
List the prime factors of (14 - 11)*-2 + 2143.
2137
Suppose 2*s + u + 99 = 7, 0 = 5*s - 3*u + 208. Let m = s - -86. List the prime factors of m.
2, 3, 7
Let n(a) = -180*a. Let i be n(-1). Suppose i = 8*u - 84. What are the prime factors of u?
3, 11
Let g(b) = 67*b**2 + 84*b - 5. What are the prime factors of g(4)?
23, 61
Let p = -2 + 28. Let j = -13 + p. List the prime factors of j.
13
Suppose 5*w - 3*w = -5*o - 1808, 0 = -2*o - 4*w - 736. What are the prime factors of o/(-10) + (1 - 1)?
2, 3
Let y(a) = a**2 - 4*a - 34. Let k be y(8). What are the prime factors of (-197)/(-5) + k*3/(-10)?
2, 5
Let u be 0/((2 - 4) + 3). Let o(w) = w**3 - 4*w**2 + 5*w - 2. Let v be o(3). Suppose v*s + u*s = 60. What are the prime factors of s?
3, 5
Let d be 6/(-5)*30/(-12). Suppose -4*i = d*k + 57, 2*k - 5*i = -2*k - 76. Let g = k - -44. What are the prime factors of g?
5
Let l(k) = -k - 118*k**3 - 3*k + 57*k**3 + 1 - k**2 + 62*k**3. What are the prime factors of l(4)?
3, 11
Suppose 0 = 5*x + 5*v - 80, -4*x - 5*v + 5 + 56 = 0. Let u = x - 17. List the prime factors of u/10 - (-132)/15.
3
Suppose -c - 2352 = -5*c. Suppose -5*o = -407 - c. List the prime factors of o/5 + (-1)/(-5).
2, 5
Let y be (18 + 0)/(-12 + 14). Suppose 4*k + y = k. List the prime factors of -2*(-3 - (k - -1)).
2
Suppose 0 = 3*y - 4*h + 8, 2*h + 6 = -y - 0*h. Let c be y - (2 + 1 - 23). List the prime factors of c/(-56) - 704/(-14).
2, 5
Let s = 4 + -25. What are the prime factors of (-2178)/s - 4/(-14)?
2, 13
Let i(k) = -3*k + 98. What are the prime factors of i(0)?
2, 7
Let s be 592/(-3) - (-4 - 42/(-9)). Let n = s - -309. List the prime factors of n.
3, 37
Let m(d) = -5 - 8 - d + 3 + 0. Let j be m(-13). Suppose -j*z + 108 = -3*p, z + 16 = -5*p + 52. List the prime factors of z.
2, 3
Let q = -1238 - -1858. What are the prime factors of q?
2, 5, 31
Suppose 7*s - 25 = 3. Suppose 3*z = -5*o + 243, -6*o + 4*o = s*z - 310. What are the prime factors of z?
2, 19
Let t = -523 - -900. List the prime factors of t.
13, 29
Let j = 1 + 11. Suppose 10*l - j*l = -6. Suppose -5*x - l*c + 45 = -50, -5*x + 130 = -4*c. List the prime factors of x.
2, 11
Let p(h) = h**3 + 15*h**2 + 16*h - 11. Let n be (1 + 1)*1*(-26)/4. List the prime factors of p(n).
7, 17
Suppose -8*b + 2*b + 168 = 0. What are the prime factors of b?
2, 7
Suppose -5*u - 3*z + 106 = -z, -4*u = 4*z - 92. Let v = u - -16. What are the prime factors of v?
2, 3
Let r(a) = -a**3 + 6*a**2 + 19*a - 8. Let x be r(8). Suppose -4*l = -5*n + l + 310, 4*l = x. List the prime factors of n.
2, 3, 11
Suppose -5*q + 2866